lse
Let h = 118579 + -70248. Is h composite?
True
Let d be 32/6*((-25)/10 + 4). Let k(v) = 2*v**2 + v - 9. Let r be k(d). Suppose 0*n - n = -r. Is n composite?
False
Let c(w) = 299*w**2 - 212*w + 127. Is c(-32) a composite number?
False
Let l(q) = -q**3 + 32*q**2 - 62*q - 31. Suppose -a - a + 6 = 0, -33 = -2*r + 5*a. Is l(r) a prime number?
True
Suppose d = -2*d + 15. Let k be (d - 2)/(-6)*2. Is (12/3 - -94) + k composite?
False
Let j = 35856 + -24997. Is j composite?
False
Let o be 2/9 - 518/63. Let u be (-3)/(-12) + (-9478)/o. Suppose 5*d + 0*d = -5*f + u, 3*d + 920 = 4*f. Is f prime?
True
Let j be (-38)/(-4) - ((-52)/8 + 6). Suppose -23 = -4*u - a - j, -9 = -2*u - a. Suppose -3*p + 125 = -u*w, 2*p + 0*w = -4*w + 62. Is p a composite number?
True
Suppose -4*v + 19142 = a, -2*a = 4*v + a - 19146. Suppose v = 9*p + 474. Is p a composite number?
False
Let q(d) = -7*d + 131. Let l be q(18). Suppose 0 = l*j - 8*z + 10*z - 21957, 2*j - 8780 = 2*z. Is j a prime number?
True
Let n = -521 - 887. Is (-4)/(-9 + 5) - n prime?
True
Let g(i) = 42*i**2 - 10*i - 13. Let v = 198 + -189. Is g(v) prime?
True
Let v = -241 - -244. Suppose 690 - 10101 = -v*j. Is j prime?
True
Suppose 2*h - 886551 = 5*p + 120439, 3*h + 2*p - 1510561 = 0. Is h a prime number?
False
Let q(v) = -2*v**2 + 13*v + 7. Let j be (-14)/3*((-3)/2 - 0). Let z be q(j). Suppose -u = 2*w - z*w - 209, 2*w = u - 213. Is u a composite number?
False
Let f(k) = -9*k + 7*k + k**3 - 4 + 4*k**2 + 0*k**3. Let u be f(-4). Suppose 571 = -u*h + 2079. Is h prime?
False
Suppose -46*i + 38338 = -41*i + n, 4*i - 30683 = n. Is i composite?
False
Let f(w) = -132*w**3 - 21*w**2 - 81*w + 11. Is f(-13) prime?
False
Let g = 67134 + -45087. Is g composite?
True
Suppose -3*n + s + 113548 = 0, 11*n - 151416 = 7*n + 4*s. Is n a composite number?
False
Is 22/(-77) + (-640695)/(-21) composite?
False
Let q(n) be the third derivative of -11*n**4/12 - 5*n**3/2 + 22*n**2. Let c be q(-12). Let z = c - 31. Is z a prime number?
False
Suppose -4*u + 64 = -2*f, -140 = -11*f + 15*f - 2*u. Is f/18*-1657*1/2 a composite number?
False
Suppose 2*u = -2*v + 10, 4*v - 2*v = -4*u + 16. Let z be 5 - (-3 + -1 + u). Is (9/z)/((-3)/(-86)) a composite number?
False
Let v(k) = 114*k - 5. Let d be v(12). Let r be ((-2)/5 + 52/30)*1047. Let s = d + r. Is s composite?
True
Suppose 0 = 2*z - 4*n - 1035866, z - 145*n + 146*n - 517942 = 0. Is z composite?
True
Let a = -175 - -178. Is ((-15)/5)/(a/(-6429)) a prime number?
False
Suppose -10365 = -562*o + 559*o. Is o a prime number?
False
Let x(j) = j + 2655. Let k(d) = d**3 - 13*d**2 + d - 13. Let y be k(13). Let h be x(y). Let o = -1336 + h. Is o composite?
False
Let d(b) = 2*b + 17 - b - 40 + 16. Let s be d(10). Suppose 336 = -4*q + 5*g + 1869, s*g + 385 = q. Is q composite?
True
Let j = 226252 - 51831. Is j prime?
False
Suppose 3239813 = 47*c - 3799942 - 8948752. Is c a composite number?
True
Let x(o) = o**3 - 3*o**2 - o - 2. Let j be x(0). Is (j/(-3))/(5 - 527144/105432) a prime number?
False
Let w be (-6)/15 - (2982/(-5))/6. Suppose w*o = 103*o - 4244. Is o composite?
False
Let h(j) = -30577*j**3 + 4*j**2 + 27*j + 23. Is h(-1) prime?
True
Suppose -d = 6*n - 76937, -3*d + 80204 = 2*n - 150623. Is d prime?
True
Suppose -5*r = -q + 5*q + 5746, -4*r = -4*q + 4568. Let t = 2507 + r. Is t prime?
True
Suppose 0 = -3*n - 4*k + 11635, -159*n + 2*k = -161*n + 7758. Is n a prime number?
True
Let t be (230/69)/((-4)/(-6)). Let r(a) = 15*a**3 - 6*a**2 - 9*a + 8. Let b be r(t). Suppose -5*i + 707 = -b. Is i prime?
True
Let c be (-2)/(-4) - 10/(40/(-323246)). Suppose 96715 + c = 7*g. Is g a prime number?
False
Let n(w) = w**2 - 6*w - 51. Let d be n(-5). Suppose -3*x - 3*l + l = -6491, -d*l = -3*x + 6467. Is x a prime number?
True
Let r(b) = b**2 + 6*b - 9. Let d be r(-8). Suppose 0 = 22*k - 24*k. Suppose d*w - 6937 = -k*w. Is w a prime number?
True
Let i = -238 - -241. Suppose 0 = -4*o + 2*f + 596, 0 = -i*o - o + f + 596. Is o prime?
True
Let o = 405 + -383. Suppose -o*c + 68453 = -152361. Is c a prime number?
True
Suppose 2*z + 5*b - 11 = 3*z, 5*z - 5*b + 35 = 0. Let k(t) = t**3 + 5*t**2 - 2*t + 21. Let h be k(z). Is -5 + (1 - -414) + h a prime number?
False
Suppose 5*f - 95 = -5*k, -k - 1 = -6. Suppose -f*u + 74799 = -5*u. Is u prime?
True
Let o(s) = 6*s - 37. Let b be o(7). Suppose 5*v = -4*m + 9647, 1695 = -b*m + 3*v + 13800. Let i = m - 1249. Is i a composite number?
True
Let c(i) = -265*i - 18 - 232*i - 14 + 0. Is c(-11) composite?
True
Let f(u) = -552*u - 1445. Is f(-29) a composite number?
False
Let y be (1 + 1 - -27833) + (-63)/21. Let x = y + -1167. Is x prime?
False
Let a(v) = -2*v**2 + 13*v - 10. Let b be a(6). Is -59*(-3 + 3 + 1 + b) prime?
False
Let r(l) = 66*l**2 + 16*l + 51. Let d be (0 - 60/(-9))*3/(-2). Is r(d) a prime number?
True
Is (-13 + 196/16)/(9/(-1110612)) composite?
False
Let g = -369 - -373. Suppose -6*j + 57790 = g*j. Is j a prime number?
True
Suppose -16*a = -17*a - 4*y + 391, -1125 = -3*a - 4*y. Let d(o) = 5*o**3 - 8*o**2 - 4*o + 6. Let g be d(6). Let v = g - a. Is v composite?
True
Suppose -9*j - 26 + 98 = 0. Suppose 3*s = -j*s + 51007. Is s a composite number?
False
Is 4 + ((-99353)/(-2) - ((-42)/(-12) + -4)) prime?
True
Let r be 4/(-28) + 154/49. Suppose -2*n = -4*p + 16762, -4*p = -r*n - 5080 - 11677. Is p a composite number?
True
Let f = -699 + 704. Suppose f*h + 7095 = 25240. Is h prime?
False
Suppose 0 = 8*u - 173937 - 55559. Is u a composite number?
False
Let g(h) = 282*h**2 - 114*h + 4675. Is g(64) a prime number?
False
Is ((-310087)/2)/(8/(-16)) a composite number?
False
Let v = 695 + 277. Suppose -c + 5*c + 1444 = 3*h, v = 2*h + 2*c. Let z = 2095 + h. Is z prime?
True
Let m(n) = -1 - 5 + 2 + n - 9*n**3. Let q be m(-4). Suppose g = q + 975. Is g composite?
False
Suppose 5*n - 1343953 = -8*w, -503953 = -10*w + 7*w + 4*n. Is w prime?
False
Let r be 1/((33/18)/11). Suppose -r*o = 29 - 11. Let m(q) = 17*q**2 - q - 7. Is m(o) a prime number?
True
Let y be 1050/(-375)*(-1*5 + 0). Suppose -3275 = y*a - 16617. Is a a composite number?
False
Suppose -45*t - 76431 = -624351. Let z = t + 15047. Is z prime?
False
Let c(f) = -893998*f**3 + 3*f**2 + 13*f + 11. Is c(-1) a prime number?
True
Let l(d) = 669*d**2 + 19*d + 23. Is l(14) composite?
False
Let i(w) = 3*w - 16. Let t be i(6). Suppose t*k + 56 = 3*o - 3*k, 0 = 4*k + 16. Is -1*951/o*-4*1 a prime number?
True
Suppose -423223 = -2*f + 348*z - 347*z, 7*f + 4*z - 1481303 = 0. Is f a composite number?
True
Suppose -4*s - 728541 = -3*m, 3*s - 754852 = -4*m + 216486. Is m a prime number?
False
Is (-4)/(-18) + (16 - 4941446/(-18)) a prime number?
False
Let j be 3*((-4)/2 + 24/8). Is ((-13)/j + 5)/(2/3027) a composite number?
False
Let k = -1613 + 3003. Let g = k + -767. Is g a composite number?
True
Is (-131 + -50310)/((-2)/2) a prime number?
True
Let n be 5/15*-15 - 16/(-1). Let r(u) = 11*u**3 + 19*u**2 - 28*u - 1. Is r(n) a composite number?
False
Let y(g) = g**2 + g**2 + g + g**2 - 5 + 0*g**2. Let z be y(3). Suppose -5*w - 218 = -l + 18, z = -5*w. Is l a prime number?
True
Let a(d) = 1116*d**2 - 33*d + 194. Is a(5) composite?
True
Suppose -13 = -3*c - 5*f + 12, -4*f + 20 = 2*c. Suppose -16*z + 19*z - 15 = c. Suppose -2*m - 3009 = -z*m. Is m a composite number?
True
Let g = -91941 - -143119. Is g prime?
False
Let g = -322 - -1295. Suppose 21 = -8*j + g. Let a = j + -82. Is a a prime number?
True
Let n(l) = 2*l + 12. Let u be n(-5). Suppose -u*w + 5*h - 3 = 2*w, w + 4 = -2*h. Is w/(-7) - (35192/(-14) - -1) prime?
False
Let g = -65914 + 132873. Is g a prime number?
True
Suppose 2*y - 19153104 = -14*y. Is y a composite number?
True
Suppose -17*t - 252052 + 1470262 = 71713. Is t a composite number?
True
Suppose 4*u = 6*b + 210668, -5*b + 103604 + 107064 = 4*u. Is u composite?
False
Let k(j) be the first derivative of 5*j**4/12 + 2*j**3/3 - 15*j**2/2 + 20*j + 13. Let h(p) be the first derivative of k(p). Is h(-10) a composite number?
True
Let j = -355 + 357. Let u(w) be the first derivative of 131*w**2 + 17*w + 6. Is u(j) a composite number?
False
Is 109353*(-16)/672*-14 prime?
True
Suppose 0 = 2*f + 6, -f + 1933 = 4*w - 3*w. Suppose 11*t - 10*t - 5*x = 1926, -5*x = t - w. Is t composite?
False
Let p = 58585 - 37688. Is p prime?
True
Let